{"id":244,"date":"2025-01-04T14:35:31","date_gmt":"2025-01-04T11:35:31","guid":{"rendered":"https:\/\/ibacafe.com\/ibamenu\/?page_id=244"},"modified":"2025-01-04T14:37:27","modified_gmt":"2025-01-04T11:37:27","slug":"iba-cafe","status":"publish","type":"page","link":"https:\/\/ibacafe.com\/ibamenu\/?page_id=244","title":{"rendered":"Iba Cafe"},"content":{"rendered":"\n<figure class=\"wp-block-image size-large\"><img loading=\"lazy\" decoding=\"async\" width=\"1024\" height=\"683\" src=\"https:\/\/ibacafe.com\/ibamenu\/wp-content\/uploads\/2025\/01\/81039052_167983617921408_2079930156100616192_n-1024x683.jpg\" alt=\"\" class=\"wp-image-176\" srcset=\"https:\/\/ibacafe.com\/ibamenu\/wp-content\/uploads\/2025\/01\/81039052_167983617921408_2079930156100616192_n-1024x683.jpg 1024w, https:\/\/ibacafe.com\/ibamenu\/wp-content\/uploads\/2025\/01\/81039052_167983617921408_2079930156100616192_n-300x200.jpg 300w, https:\/\/ibacafe.com\/ibamenu\/wp-content\/uploads\/2025\/01\/81039052_167983617921408_2079930156100616192_n-768x512.jpg 768w, https:\/\/ibacafe.com\/ibamenu\/wp-content\/uploads\/2025\/01\/81039052_167983617921408_2079930156100616192_n-1536x1024.jpg 1536w, https:\/\/ibacafe.com\/ibamenu\/wp-content\/uploads\/2025\/01\/81039052_167983617921408_2079930156100616192_n.jpg 2048w\" sizes=\"auto, (max-width: 1024px) 100vw, 1024px\" \/><\/figure>\n\n\n\n<p>\u0130ba Cafe &amp; Brasserie olarak 2008 y\u0131l\u0131ndan bu yana Antalya Konyaalt\u0131 Kent Meydan\u0131&#8217;nda do\u011fayla i\u00e7 i\u00e7e yemye\u015fil bir ortamda ak\u0131lda ve damakta kal\u0131c\u0131 lezzetler e\u015fli\u011finde sizlere hizmet vermenin gururunu ya\u015f\u0131yoruz.<\/p>\n\n\n\n<p>\u00d6zenle haz\u0131rlanan nargilenizi i\u00e7inize \u00e7ekerken, ister alkoll\u00fc isterseniz alkols\u00fcz i\u00e7ecek se\u00e7eneklerimizden tercih etti\u011finiz herhangi birisiyle ma\u00e7 veya internet keyfinizi ya\u015fayabilirsiniz. Ayn\u0131 zamanda arkada\u015flar\u0131n\u0131zla ve sevdiklerinizle okey, tavla gibi geleneksel oyunlar\u0131 oynarken \u00e7ocuklar\u0131n\u0131z g\u00fcven i\u00e7erisinde ve cafemizde bulunan ya\u015flar\u0131na uygun oyuncaklarla oynayabilirler. Bol \u00e7e\u015fitli ve lezzeti dama\u011f\u0131n\u0131zda kalacak yiyecek men\u00fcm\u00fczden yaz d\u00f6nemine \u00f6zel canl\u0131 m\u00fczik e\u015fli\u011finde tadabilirsiniz. Son olarak merakl\u0131lar\u0131 i\u00e7in kahve fal\u0131 hizmetimiz de mevcuttur.<\/p>\n\n\n\n<p>Gelin Antalya&#8217;n\u0131n tad\u0131n\u0131 beraber \u00e7\u0131kartal\u0131m&#8230;<\/p>\n","protected":false},"excerpt":{"rendered":"<p>\u0130ba Cafe &amp; Brasserie olarak 2008 y\u0131l\u0131ndan bu yana Antalya Konyaalt\u0131 Kent Meydan\u0131&#8217;nda do\u011fayla i\u00e7 i\u00e7e yemye\u015fil bir ortamda ak\u0131lda ve damakta kal\u0131c\u0131 lezzetler e\u015fli\u011finde sizlere hizmet vermenin gururunu ya\u015f\u0131yoruz. \u00d6zenle haz\u0131rlanan nargilenizi i\u00e7inize \u00e7ekerken, ister alkoll\u00fc isterseniz alkols\u00fcz i\u00e7ecek se\u00e7eneklerimizden tercih etti\u011finiz herhangi birisiyle ma\u00e7 veya internet keyfinizi ya\u015fayabilirsiniz. Ayn\u0131 zamanda arkada\u015flar\u0131n\u0131zla ve sevdiklerinizle [&hellip;]<\/p>\n","protected":false},"author":1,"featured_media":0,"parent":0,"menu_order":0,"comment_status":"closed","ping_status":"closed","template":"","meta":{"footnotes":""},"class_list":["post-244","page","type-page","status-publish","hentry"],"_links":{"self":[{"href":"https:\/\/ibacafe.com\/ibamenu\/index.php?rest_route=\/wp\/v2\/pages\/244","targetHints":{"allow":["GET"]}}],"collection":[{"href":"https:\/\/ibacafe.com\/ibamenu\/index.php?rest_route=\/wp\/v2\/pages"}],"about":[{"href":"https:\/\/ibacafe.com\/ibamenu\/index.php?rest_route=\/wp\/v2\/types\/page"}],"author":[{"embeddable":true,"href":"https:\/\/ibacafe.com\/ibamenu\/index.php?rest_route=\/wp\/v2\/users\/1"}],"replies":[{"embeddable":true,"href":"https:\/\/ibacafe.com\/ibamenu\/index.php?rest_route=%2Fwp%2Fv2%2Fcomments&post=244"}],"version-history":[{"count":2,"href":"https:\/\/ibacafe.com\/ibamenu\/index.php?rest_route=\/wp\/v2\/pages\/244\/revisions"}],"predecessor-version":[{"id":247,"href":"https:\/\/ibacafe.com\/ibamenu\/index.php?rest_route=\/wp\/v2\/pages\/244\/revisions\/247"}],"wp:attachment":[{"href":"https:\/\/ibacafe.com\/ibamenu\/index.php?rest_route=%2Fwp%2Fv2%2Fmedia&parent=244"}],"curies":[{"name":"wp","href":"https:\/\/api.w.org\/{rel}","templated":true}]}}